en 238936346 is divided by 1401?
1400
What is the remainder when 59875639 is divided by 26?
5
What is the remainder when 763802 is divided by 1048?
858
Calculate the remainder when 14997561 is divided by 433.
173
Calculate the remainder when 39981234 is divided by 528.
18
What is the remainder when 9923876 is divided by 1071?
1061
Calculate the remainder when 9063 is divided by 474.
57
What is the remainder when 272996 is divided by 90?
26
Calculate the remainder when 9307192 is divided by 17.
15
What is the remainder when 11721 is divided by 440?
281
What is the remainder when 279125 is divided by 43?
12
What is the remainder when 3244052 is divided by 22?
20
Calculate the remainder when 993664 is divided by 110350.
514
What is the remainder when 6242139 is divided by 3398?
13
Calculate the remainder when 1108438 is divided by 379.
242
What is the remainder when 1358436 is divided by 96?
36
What is the remainder when 345538 is divided by 5761?
5639
Calculate the remainder when 22059054 is divided by 948.
42
What is the remainder when 23315744 is divided by 156?
140
Calculate the remainder when 134328 is divided by 1833.
519
What is the remainder when 252753 is divided by 10110?
3
What is the remainder when 35724119 is divided by 7?
4
Calculate the remainder when 372042 is divided by 744.
42
Calculate the remainder when 61861 is divided by 19.
16
Calculate the remainder when 23001675 is divided by 851.
847
What is the remainder when 31517594 is divided by 11952?
170
Calculate the remainder when 48927 is divided by 814.
87
Calculate the remainder when 2816165 is divided by 7530.
7475
Calculate the remainder when 1712857 is divided by 689.
3
What is the remainder when 1371676 is divided by 662?
12
What is the remainder when 386884246 is divided by 1077?
1075
Calculate the remainder when 2828878 is divided by 402.
4
Calculate the remainder when 71893867 is divided by 2736.
2731
What is the remainder when 61326723 is divided by 236?
235
Calculate the remainder when 55552415 is divided by 3504.
3503
What is the remainder when 59521315 is divided by 6326?
6307
What is the remainder when 25223576 is divided by 535?
466
What is the remainder when 24984 is divided by 8231?
291
What is the remainder when 7117268 is divided by 1779276?
164
Calculate the remainder when 927251 is divided by 231812.
3
What is the remainder when 61045531 is divided by 161070?
1
Calculate the remainder when 12334389 is divided by 1446.
9
What is the remainder when 16152 is divided by 16092?
60
Calculate the remainder when 8969465 is divided by 133872.
41
Calculate the remainder when 14725243 is divided by 12.
7
Calculate the remainder when 185018533 is divided by 661.
6
What is the remainder when 2058665 is divided by 343108?
17
Calculate the remainder when 415279 is divided by 2447.
1736
Calculate the remainder when 30895129 is divided by 5149186.
13
Calculate the remainder when 78214 is divided by 1880.
1134
Calculate the remainder when 217740 is divided by 12806.
38
What is the remainder when 8118 is divided by 606?
240
What is the remainder when 15219621 is divided by 24?
21
Calculate the remainder when 1158334 is divided by 64.
62
Calculate the remainder when 23536 is divided by 7759.
259
Calculate the remainder when 283593 is divided by 2909.
1420
What is the remainder when 8074 is divided by 878?
172
What is the remainder when 25905896 is divided by 2763?
8
Calculate the remainder when 321899488 is divided by 414.
412
What is the remainder when 84856 is divided by 28194?
274
What is the remainder when 25255883 is divided by 8418611?
50
What is the remainder when 929297 is divided by 632?
257
Calculate the remainder when 5815382 is divided by 830765.
27
What is the remainder when 4054501 is divided by 1757?
1102
Calculate the remainder when 648403 is divided by 3942.
1915
Calculate the remainder when 282086 is divided by 17629.
22
What is the remainder when 41125 is divided by 41081?
44
Calculate the remainder when 14431 is divided by 3602.
23
Calculate the remainder when 16390278 is divided by 22.
14
What is the remainder when 51243734 is divided by 4270309?
26
Calculate the remainder when 1555233 is divided by 980.
953
Calculate the remainder when 25345536 is divided by 12672735.
66
Calculate the remainder when 213037 is divided by 600.
37
Calculate the remainder when 1160438 is divided by 1160325.
113
Calculate the remainder when 600953 is divided by 486.
257
What is the remainder when 828036 is divided by 827938?
98
What is the remainder when 769557 is divided by 2574?
2505
What is the remainder when 192429983 is divided by 170?
13
Calculate the remainder when 47811 is divided by 1397.
313
Calculate the remainder when 4668443 is divided by 29.
23
What is the remainder when 98982 is divided by 452?
446
Calculate the remainder when 37893996 is divided by 641.
640
Calculate the remainder when 430373 is divided by 5313.
20
Calculate the remainder when 133903 is divided by 641.
575
Calculate the remainder when 4037480 is divided by 1349.
1272
What is the remainder when 670526 is divided by 652?
270
What is the remainder when 5054455 is divided by 208?
55
Calculate the remainder when 117943 is divided by 1655.
438
Calculate the remainder when 615637 is divided by 615624.
13
Calculate the remainder when 16807248 is divided by 3806.
3758
Calculate the remainder when 1212478 is divided by 576.
574
Calculate the remainder when 608215 is divided by 274.
209
What is the remainder when 483599714 is divided by 9?
5
What is the remainder when 19546283 is divided by 340?
23
What is the remainder when 12068038 is divided by 1340?
1338
What is the remainder when 2166076 is divided by 1022?
458
What is the remainder when 4312059 is divided by 1437331?
66
Calculate the remainder when 437458 is divided by 218075.
1308
What is the remainder when 594281639 is divided by 22?
17
What is the remainder when 1358471 is divided by 452818?
17
Calculate the remainder when 63257 is divided by 30584.
2089
Calculate the remainder when 6330317 is divided by 3165142.
33
Calculate the remainder when 6217441 is divided by 533.
529
Calculate the remainder when 14225 is divided by 12125.
2100
What is the remainder when 1707433 is divided by 81?
34
What is the remainder when 867860 is divided by 26?
6
What is the remainder when 2184754 is divided by 3130?
14
What is the remainder when 1605344 is divided by 164?
112
Calculate the remainder when 2386357 is divided by 3260.
37
What is the remainder when 59976676 is divided by 47?
23
What is the remainder when 8858604 is divided by 2952865?
9
Calculate the remainder when 56579 is divided by 56501.
78
What is the remainder when 47390401 is divided by 13164?
1
What is the remainder when 3299298 is divided by 431?
424
What is the remainder when 45995766 is divided by 52?
50
What is the remainder when 329016 is divided by 3394?
3192
Calculate the remainder when 281606 is divided by 4268.
4186
What is the remainder when 1267801 is divided by 24?
1
Calculate the remainder when 38498 is divided by 19217.
64
Calculate the remainder when 74969376 is divided by 22.
20
Calculate the remainder when 715523328 is divided by 89.
85
What is the remainder when 3013647 is divided by 925?
922
Calculate the remainder when 2817905 is divided by 340.
325
What is the remainder when 113569365 is divided by 195?
0
Calculate the remainder when 137691 is divided by 3143.
2542
What is the remainder when 214803 is divided by 555?
18
What is the remainder when 16306949 is divided by 59514?
113
What is the remainder when 114123 is divided by 57003?
117
What is the remainder when 9980540 is divided by 17?
10
What is the remainder when 83500026 is divided by 175?
1
Calculate the remainder when 68100 is divided by 56.
4
Calculate the remainder when 375080 is divided by 253.
134
Calculate the remainder when 1788564 is divided by 242.
184
Calculate the remainder when 68016 is divided by 732.
672
What is the remainder when 133606 is divided by 3516?
3514
What is the remainder when 1480754 is divided by 20562?
290
What is the remainder when 154062 is divided by 72?
54
What is the remainder when 1192957 is divided by 2330?
2327
Calculate the remainder when 164319 is divided by 163835.
484
What